).
-59
Let n(s) = 6*s**2 + 742*s - 20877. Determine n(27).
3531
Let q(f) = 2*f**3 - 328*f**2 - 343*f + 1122. What is q(165)?
-1023
Let q(b) = b**3 - 27*b**2 + 155*b - 447. Calculate q(21).
162
Let o(q) = 31*q**2 + 29927*q - 108530. Determine o(-969).
-2
Let f(i) = -3*i**3 + 9*i**2 - 7*i + 32. Give f(3).
11
Let s(l) = -4*l**2 + 149*l + 92694. What is s(172)?
-14
Let c(j) = 355*j + 20167. Determine c(-56).
287
Let n(b) = 751*b - 163681. Give n(218).
37
Let u(b) = b**3 - 68*b**2 + 66*b + 228. Give u(67).
161
Let v(d) = -254459*d - 8397143. Give v(-33).
4
Let w(a) = -14*a**2 - 359*a - 1088. Give w(-22).
34
Let k(q) = -2*q**2 - 504*q + 64168. Calculate k(-345).
-2
Let x(z) = 2572*z - 84286. Calculate x(33).
590
Let a(y) = 3230*y - 19611. Give a(6).
-231
Let a(r) = -2134*r - 146854. Calculate a(-69).
392
Let q(t) = -5892709*t + 5892717. Give q(1).
8
Let q(h) = 36*h + 78. Determine q(-27).
-894
Let g(r) = 3*r**2 + 4479*r + 48966. Determine g(-11).
60
Let d(v) = 2*v**3 + 11*v**2 + 22*v + 367. What is d(-9)?
-398
Let j(i) = -24*i**3 - 5*i**2 + 597*i - 1191. Determine j(2).
-209
Let n(g) = -11*g**3 + 57*g**2 + 316*g - 1633. Give n(5).
-3
Let s(q) = 10*q**2 - 1511*q + 4524. Determine s(3).
81
Let w(c) = c**2 - 4010*c + 75841. What is w(19)?
12
Let g(m) = -m**2 + 364*m + 11327. What is g(-29)?
-70
Let j(x) = 374*x**2 - 8983*x + 168. Determine j(24).
0
Let a(n) = n**2 + 2379*n + 405895. Calculate a(-185).
5
Let y(t) = -7*t**2 + 272*t + 408. Determine y(41).
-207
Let h(r) = -r**2 + 32*r + 9147. Calculate h(-83).
-398
Let m(y) = 849*y - 13596. Determine m(16).
-12
Let a(d) = -3*d**3 + 179*d**2 + 12521*d - 52. Determine a(101).
-355
Let k(z) = 2839331*z + 4. Determine k(0).
4
Let t(j) = -2347*j**2 - 18790*j + 14. What is t(-8)?
126
Let n(g) = -g**3 + 62*g**2 + 257*g - 9862. Determine n(64).
-1606
Let y(a) = -33*a**2 - 5914*a + 430. Determine y(-180).
-4250
Let c(h) = 267043*h + 1068175. Calculate c(-4).
3
Let q(t) = -150*t**3 + 1961*t**2 - 295*t + 1969. Give q(13).
-7
Let j(f) = -476*f + 6326. Give j(20).
-3194
Let q(u) = -1360*u - 648693. Give q(-477).
27
Let r(j) = j**2 - 53*j - 6936. What is r(-60)?
-156
Let l(z) = -47*z - 2690. Give l(-48).
-434
Let c(h) = 14*h**3 - 96*h**2 - 2412*h - 24. What is c(17)?
10
Let o(z) = 80*z**2 + 24*z - 123. Determine o(0).
-123
Let a(n) = -2*n**3 + 49*n**2 - 140*n + 3811. Give a(25).
-314
Let d(j) = -2*j**3 + 31*j**2 + 265*j + 47. What is d(-6)?
5
Let u(c) = c**3 + 7*c**2 - 236*c + 1023. What is u(5)?
143
Let f(s) = -602*s - 49391. Give f(-82).
-27
Let l(z) = -z**3 + 65*z**2 - 190*z - 6562. Calculate l(60).
38
Let k(u) = -2*u**3 + 22*u**2 - 1140*u + 8733. Calculate k(8).
-3
Let j(g) = 163*g**2 + 11250*g + 189. Give j(-69).
-18
Let u(i) = 46430*i + 928587. What is u(-20)?
-13
Let v(l) = 14*l**2 + 2857*l + 5867. Calculate v(-202).
9
Let q(n) = -n**3 + 217*n**2 - 1173*n + 159701. Determine q(215).
-44
Let t(q) = q**3 + 19*q**2 - 292*q - 5301. Determine t(-21).
-51
Let q(w) = -2*w**3 + 92*w**2 + 130*w - 1690. Calculate q(47).
2
Let k(h) = 32*h**2 + 901*h - 290. What is k(-26)?
-2084
Let j(z) = 27648*z - 193534. What is j(7)?
2
Let b(o) = -39205*o + 1097716. Determine b(28).
-24
Let x(p) = 870*p**3 + 12*p**2 - 27*p + 15. Determine x(1).
870
Let h(a) = -a**3 - 31*a**2 - 29*a + 97. Determine h(-30).
67
Let t(z) = 133*z**2 - 4385*z - 239. What is t(33)?
-107
Let a(p) = -81*p**2 + 1522*p - 206. Calculate a(19).
-529
Let o(b) = -4*b**2 - 181*b + 5999. Give o(21).
434
Let s(w) = -w**2 - 27049*w - 1376922. Give s(-51).
-24
Let x(u) = -2334*u + 25823. Determine x(11).
149
Let s(i) = i**3 - 1130*i**2 + 7665*i + 220113. What is s(1123)?
5
Let x(z) = -81284*z - 325136. Determine x(-4).
0
Let q(r) = -12123*r - 72746. Calculate q(-6).
-8
Let c(u) = 154*u**2 + 8136*u - 1285. What is c(-53)?
93
Let i(y) = y**2 + 998*y + 127899. Calculate i(-151).
2
Let y(t) = 37*t**2 + 2888*t + 3009. Calculate y(-77).
6
Let a(y) = 39755*y - 556563. What is a(14)?
7
Let q(w) = -32*w - 4424. What is q(-140)?
56
Let m(n) = -3*n**3 - 290*n**2 - 1276*n - 104074. Calculate m(-96).
-10
Let h(w) = -2*w**3 + 124*w**2 - 757*w + 69. What is h(6)?
-441
Let o(u) = -1156*u + 90157. Give o(78).
-11
Let y(b) = -b**2 + 165*b - 5051. What is y(126)?
-137
Let u(i) = 439*i**3 + 9209*i**2 - 208*i + 52. Determine u(-21).
10
Let u(j) = 19*j**2 - 13098*j - 39377. Calculate u(-3).
88
Let o(r) = r**3 - 59*r**2 - 82*r + 582. Give o(61).
3022
Let i(w) = w**3 - 293*w**2 - 29*w - 77938. What is i(294)?
-28
Let r(f) = f**3 - 38*f**2 + 409*f - 13731. Calculate r(37).
33
Let j(z) = -70*z**3 + 433*z**2 + 10*z - 56. Give j(6).
472
Let h(v) = 544*v - 837758. Determine h(1540).
2
Let y(v) = -2*v**3 - 2865*v**2 - 59316*v - 688. Give y(-21).
5
Let d(m) = m**3 - 12*m**2 - 2209*m + 28517. What is d(13)?
-31
Let n(m) = 1137*m + 87540. Calculate n(-77).
-9
Let h(u) = -7*u - 520. What is h(-37)?
-261
Let f(s) = 3*s**2 - 10645*s - 224738. What is f(-21)?
130
Let c(l) = 2*l**3 + 57*l**2 + 284*l - 40. Give c(-23).
-753
Let m(r) = -191*r - 15083. Determine m(-79).
6
Let z(k) = k**3 + k**2 - 585*k - 1621. Calculate z(25).
4
Let h(n) = 21844*n + 415008. Give h(-19).
-28
Let l(v) = -9*v**2 + 78*v + 6054. Calculate l(-22).
-18
Let q(t) = -39544*t + 553630. What is q(14)?
14
Let h(b) = b**3 + 301*b**2 - 2156*b - 15. Determine h(-308).
-15
Let x(h) = 521*h + 3011. Calculate x(-9).
-1678
Let i(p) = 7*p**3 + 117*p**2 - 1457*p - 178. Give i(-25).
-3
Let v(p) = 670*p + 16728. Give v(-25).
-22
Let u(v) = -v**3 - 6*v**2 + 3330*v + 2. What is u(0)?
2
Let k(m) = -5181*m + 13932. Determine k(3).
-1611
Let j(r) = -75*r + 20975. Calculate j(280).
-25
Let s(l) = 18*l**2 - 2050*l + 429. Give s(114).
657
Let w(l) = -8584*l**2 - 8611*l - 7. What is w(-1)?
20
Let n(q) = -q**3 - 55*q**2 + 474*q + 17. Determine n(9).
-901
Let c(q) = 392*q - 52337. Give c(135).
583
Let o(c) = 465*c - 41859. Calculate o(90).
-9
Let t(v) = 76*v**2 - 2222*v - 4441. What is t(-2)?
307
Let t(q) = 4*q**2 + 671*q - 10069. What is t(-181)?
-476
Let g(s) = 16541*s - 99250. Determine g(6).
-4
Let g(s) = 189*s - 1829. What is g(19)?
1762
Let r(o) = -2*o**3 - 353*o**2 + 2044*o + 7628. Calculate r(-182).
-16
Let g(u) = -234*u - 15139. What is g(-62)?
-631
Let s(y) = -522*y**2 - 62094*y + 2850. Calculate s(-119).
-6
Let b(s) = 49*s**2 + 292*s + 283. Determine b(-1).
40
Let s(z) = -37*z**2 + 4181*z - 23. Determine s(113).
-23
Let v(m) = 30*m**2 - 39*m - 98. Determine v(-2).
100
Let o(i) = -57*i**2 - 20*i - 419. What is o(-4)?
-1251
Let c(d) = d**2 + 8*d + 114. Determine c(-5).
99
Let m(u) = -4571*u - 50597. Calculate m(-11).
-316
Let n(s) = -s**2 - 56895*s - 3637189. What is n(-64)?
-5
Let l(o) = 35*o**2 + 1978*o + 788. Calculate l(-56).
-220
Let x(k) = -k**3 + 253*k**2 - 2658*k - 930. Calculate x(242).
38
Let o(n) = -100*n**2 + 8217*n + 16827. What is o(-2)?
-7
Let t(a) = -21502*a + 21681. Determine t(1).
179
Let n(m) = 7*m**2 + 189*m - 3075. Determine n(11).
-149
Let p(j) = -203*j - 3033. Give p(-9).
-1206
Let c(b) = 10*b**2 + 1778*b - 2302. Give c(-179).
-154
Let i(q) = 4515*q - 672642. Give i(149).
93
Let b(l) = 23607*l + 283270. Determine b(-12).
-14
Let i(t) = -170*t**2 + 4103*t - 11192. Give i(21).
1
Let h(r) = -r**3 + 70*r**2 + 12462*r - 139. What is h(-82)?
25
Let t(c) = -c**2 + 22238*c - 177948. Determine t(8).
-108
Let p(l) = -l**3 - 13*l**2 - 2790*l - 13750. Give p(-5).
0
Let y(t) = 15*t**2 + 420*t + 1726. Give y(-23).
1
Let g(y) = y**3 - 10*y**2 - 43*y + 396. Calculate g(10).
-34
Let s(w) = -6*w**2 - 8262*w + 348829. Give s(41).
1
Let z(s) = s**3 - 15*s**2 - 114*s + 1564. Determine z(18).
484
Let b(k) = -43*k**3 - 13*k**2 - 65*k - 48. What is b(-1)?
47
Let m(p) = 256*p**2 + 2304*p - 1. Determine m(-9).
-1
Let y(d) = 889*d - 14349. Calculate y(16).
-125
Let z(w) = -1678*w - 558782. Give z(-333).
-8
Let r(s) = -582*s - 2844. What is r(-5)?
66
Let m(b) = 2*b**3 - 7*b**2 + 1464*b - 7392. Determine m(5).
3
Let c(d) = 5*d**2 - 253*d - 105. Calculate c(51).
-3
Let r(w) = 119221*w - 7630141. Determine r(64).
3
Let v(u) = 10531*u - 1358497. Calculate v(129).
2
Let n(u) = -u**3 + u**2 - 23850*u + 119355. Calculate n(5).
5
Let o(b) = 2*b**3 + 541*b**2 + 7413*b - 2822. Determine o(-256).
-6
Let k(h) = -h**3 - 215*h**2 - 6063*h - 1904. Calculate k(-33).
-23
